ulate o(2).
-11
Let w(o) = 11*o - 1. Give w(6).
65
Let w(d) = -17*d + 4. What is w(4)?
-64
Let g(h) = -4*h - 6. What is g(-4)?
10
Let t(p) = p**3 + 2*p**2 + p - 8. Determine t(3).
40
Let y(f) = -28*f - 201. What is y(-7)?
-5
Let n(t) = -t**3 - 11*t - 24. Give n(-2).
6
Let u(c) = -5*c - 207. Give u(-35).
-32
Let y(o) = 69*o + 15. What is y(-2)?
-123
Let m(o) = -o**3 - 2*o**2 + 9*o + 1. Give m(-4).
-3
Let s(p) = p**3 + 2*p**2 - 2*p - 5. Give s(-3).
-8
Let r(f) = -f**2 + 10*f - 1. Determine r(10).
-1
Let b(k) = -k**2 + 17*k + 4. Determine b(8).
76
Let x(s) = s**3 - 5*s**2 + 6*s - 4. What is x(4)?
4
Let g(u) = -44*u + 235. What is g(5)?
15
Let j(p) = p**2 - 10*p + 18. What is j(5)?
-7
Let p(c) = 5*c**2 - 65*c + 31. Calculate p(12).
-29
Let s(n) = 34*n**2 - 4*n + 1. What is s(1)?
31
Let a(q) = -q**3 - 10*q**2 - 8*q + 2. Calculate a(-9).
-7
Let n(s) = 2*s**2 - 13*s - 32. Calculate n(8).
-8
Let x(c) = -2*c + 1. Calculate x(-4).
9
Let x(j) = j**3 - 3*j**2 - 5*j - 1. Give x(5).
24
Let v(w) = 18*w + 39. Calculate v(-4).
-33
Let z(t) = 4*t + 76. Give z(-18).
4
Let n(x) = x**2 + 3*x + 7. Determine n(0).
7
Let n(z) = 4*z**2 - 48*z + 5. Calculate n(12).
5
Let j(r) = r**3 - 2*r**2 - 3*r - 4. What is j(3)?
-4
Let t(v) = -12*v**2 - v - 1. Calculate t(-1).
-12
Let q(j) = 4*j**2 - 4*j. Calculate q(-3).
48
Let l(p) = -5*p - 16. What is l(-5)?
9
Let h(a) = -6*a + 151. Determine h(24).
7
Let s(n) = 2*n + 3. Calculate s(-4).
-5
Let p(v) = -v**3 - v**2 + 3*v - 7. Determine p(0).
-7
Let o(q) = -q**2 - 9*q + 22. What is o(-10)?
12
Let f(x) = -x**3 + 5*x**2 - 3*x + 8. Give f(4).
12
Let i(t) = -t**2 - 9*t - 11. What is i(-6)?
7
Let r(v) = 12*v**2 + 17*v + 5. What is r(-1)?
0
Let q(h) = -11*h**2 + 3*h - 2. Calculate q(2).
-40
Let k(s) = s**3 + 6*s**2 - 5*s + 16. Determine k(-7).
2
Let a(f) = f**2 + 12*f + 20. What is a(-10)?
0
Let c(s) = 2*s**3 - 2. Give c(2).
14
Let q(g) = 2*g**2 - 3*g + 7. Calculate q(3).
16
Let z(b) = -b**3 + 4*b**2 + 4*b. Give z(5).
-5
Let r(j) = -j**3 + 5*j**2 + 4*j - 6. Calculate r(5).
14
Let n(a) = 2*a**2 - 37*a + 1. Give n(15).
-104
Let i(p) = p**3 + 18*p**2 + 70*p - 7. What is i(-12)?
17
Let x(c) = -c**2 + 10*c + 1. What is x(13)?
-38
Let y(q) = q**3 - 59*q**2 + 65*q - 399. Calculate y(58).
7
Let w(p) = p**2 + p - 96. Calculate w(0).
-96
Let y(h) = -12*h + 130. What is y(10)?
10
Let q(z) = 52*z - 988. What is q(19)?
0
Let g(o) = -o**3 + 3*o**2 - 2*o + 12. What is g(0)?
12
Let t(k) = -22*k**3 - 2*k**2 + 4*k - 3. Calculate t(1).
-23
Let p(z) = -14*z. Determine p(0).
0
Let u(d) = 31*d - 280. What is u(9)?
-1
Let v(r) = -r**2 + 7*r + 4. Give v(9).
-14
Let t(m) = -m + 23. Give t(8).
15
Let o(i) = -i**3 - 4*i**2 + 9*i + 12. Determine o(-5).
-8
Let y(l) = -l**2 - l. What is y(-4)?
-12
Let z(d) = d**3 - 2*d**2 - 11*d - 1. Calculate z(5).
19
Let n(b) = -b**2 + 12*b - 12. What is n(14)?
-40
Let h(g) = -g**2 + 57*g - 250. Determine h(53).
-38
Let c(o) = o**2 - 9*o - 2. Give c(9).
-2
Let k(i) = -i**3 + 4*i**2 + 3*i. Give k(4).
12
Let x(g) = -10*g**2 + 2*g + 4. Calculate x(-3).
-92
Let h(m) = 2*m + 19. Calculate h(-13).
-7
Let c(t) = -t - 36. Give c(-17).
-19
Let r(j) = -j**2 + 12*j - 23. Calculate r(10).
-3
Let s(t) = -t**2 + 10*t + 53. Give s(14).
-3
Let t(s) = 4*s + 5. Calculate t(9).
41
Let n(g) = g**3 + 15*g**2 - 18*g - 22. Determine n(-16).
10
Let f(i) = i**3 + 2*i**2 - 6*i - 2. Give f(-3).
7
Let x(h) = -2*h**3 - 2*h**2 - 3*h. What is x(-3)?
45
Let c(j) = 2*j**2 - 17*j - 7. Calculate c(9).
2
Let d(a) = -24*a - 154. Determine d(-6).
-10
Let y(z) = 4*z**3 + z**2 - 2*z - 1. What is y(2)?
31
Let r(q) = -7*q - 115. Calculate r(-17).
4
Let r(x) = -x**3 + 13*x**2 - 12*x + 8. Give r(12).
8
Let d(q) = -14*q + 1. Determine d(-3).
43
Let w(i) = -i + 6. Give w(7).
-1
Let r(y) = -y**2 - 4*y + 13. Calculate r(-7).
-8
Let z(q) = 4*q**3 - q + 2. Calculate z(1).
5
Let v(l) = l + 15. What is v(-7)?
8
Let b(k) = -k**3 + k**2 - 3*k + 3. Calculate b(0).
3
Let v(r) = -r - 15. Determine v(-11).
-4
Let a(p) = p + 1. What is a(10)?
11
Let s(t) = -2*t**2 + 37*t - 16. What is s(18)?
2
Let c(x) = -2*x - 1. Determine c(4).
-9
Let c(l) = -l**2 + 5*l - 8. Give c(4).
-4
Let j(n) = 4*n - 3. Determine j(-2).
-11
Let t(o) = 2*o**3 + 4*o**2 - 4*o. Give t(-3).
-6
Let v(l) = 6*l**3 + 2*l**2 - l. Determine v(1).
7
Let b(z) = z**2 - 13*z - 18. What is b(14)?
-4
Let w(i) = -2*i - 39. What is w(-9)?
-21
Let m(y) = 3*y**3 - 3*y**2 - 2*y + 6. Determine m(3).
54
Let w(i) = -9*i + 14. Calculate w(3).
-13
Let j(t) = -6*t + 6. Give j(-6).
42
Let k(i) = 29*i + 120. Determine k(-4).
4
Let w(d) = -d**2 - 11*d - 28. Determine w(-6).
2
Let s(t) = -17*t**2 + 2*t - 13. Give s(0).
-13
Let j(q) = -q**3 - 8*q**2 - 19*q - 7. Determine j(-2).
7
Let f(y) = y**3 - 5*y**2 - 5*y + 5. Calculate f(6).
11
Let k(v) = v + 15. Determine k(-4).
11
Let z(t) = -84*t + 328. What is z(4)?
-8
Let j(c) = -c**3 + 10*c**2 - 6*c - 7. What is j(9)?
20
Let t(u) = u**2 - 11*u + 19. Give t(9).
1
Let d(r) = r - 15. Give d(0).
-15
Let c(y) = -y**3 + 6*y**2 - 4*y + 10. Give c(6).
-14
Let h(n) = 32*n - 6. Give h(-2).
-70
Let o(a) = 10*a + 18. Determine o(-4).
-22
Let u(w) = -w**2 - 4*w + 8. Determine u(-6).
-4
Let t(r) = 5*r - 19. Determine t(8).
21
Let a(y) = y**2 + 20*y + 17. Calculate a(-21).
38
Let q(g) = g**3 - 6*g**2 + 5*g - 2. What is q(5)?
-2
Let m(i) = i**3 + 16*i**2 - 23. Give m(-16).
-23
Let c(s) = -s**2 - 6*s - 5. Give c(-4).
3
Let l(c) = c**3 + 7*c**2 - 11*c + 1. Give l(2).
15
Let f(m) = -m - 3. Determine f(-2).
-1
Let z(v) = v**2 + 5*v + 10. Give z(-7).
24
Let y(d) = -2*d + 9. Calculate y(14).
-19
Let r(m) = -3*m**2 - 5. Give r(-2).
-17
Let t(m) = -2*m**2 + 12*m - 4. Give t(6).
-4
Let j(t) = -t**2 + 6*t + 15. Give j(7).
8
Let l(p) = -3*p**2 + 74*p - 33. Give l(24).
15
Let j(y) = -y**2 - 14*y + 20. Give j(-15).
5
Let d(i) = -9*i + 41. Calculate d(6).
-13
Let s(d) = 2*d**2 - 6*d - 7. Give s(4).
1
Let g(y) = y**3 + 2*y**2 - y - 2. Calculate g(3).
40
Let u(t) = t**2 + 15*t + 10. What is u(-11)?
-34
Let y(x) = 5*x**2 + 24*x + 1. What is y(-5)?
6
Let h(m) = -4*m - 14. Calculate h(6).
-38
Let i(w) = -w**2 + 6*w + 5. Determine i(5).
10
Let h(t) = -2*t**2 + 5*t - 3. What is h(4)?
-15
Let t(r) = -3*r - 10. Calculate t(-8).
14
Let x(i) = i**3 - 3*i**2 - 2*i - 3. What is x(-3)?
-51
Let h(j) = -12*j + 1. Calculate h(2).
-23
Let a(m) = -m**2 + 11*m + 24. What is a(13)?
-2
Let i(a) = -a**3 + 17*a**2 - 13*a - 17. Determine i(16).
31
Let j(m) = 3*m - 32. Calculate j(9).
-5
Let x(o) = -2*o**2 + 28*o - 15. Calculate x(13).
11
Let o(f) = f**3 - 8*f**2 + 8*f. What is o(6)?
-24
Let j(o) = -o**3 - 5*o**2 - 3*o + 4. What is j(-5)?
19
Let q(n) = -15*n**2. Give q(-1).
-15
Let r(m) = 59*m**2 + 6*m - 10. What is r(2)?
238
Let n(v) = -7*v + 49. What is n(8)?
-7
Let j(c) = c**3 - 21*c**2 - c + 23. Give j(21).
2
Let j(z) = -z - 4. Determine j(0).
-4
Let k(u) = -u**3 + 5*u**2 + 31*u - 128. Determine k(7).
-9
Let b(w) = w + 4. Give b(-3).
1
Let v(c) = 8*c + 50. Give v(-6).
2
Let s(q) = -q**3 - 8*q**2 - 9*q + 35. What is s(-4)?
7
Let m(p) = p**2 + 7*p - 6. Determine m(-9).
12
Let t(u) = 5*u**2 + 6*u + 1. Give t(-5).
96
Let o(h) = 11*h**2 + 3*h + 1. Determine o(-1).
9
Let j(c) = c**3 - c**2 + 26. What is j(0)?
26
Let y(z) = -z**2 + 21*z - 18. Calculate y(17).
50
Let a(j) = j**2 - 24*j + 137. What is a(13)?
-6
Let r(o) = -o**2 - 2*o - 3. Calculate r(-3).
-6
Let x(y) = 2*y**2 - 26*y + 21. What is x(12)?
-3
Let d(r) = -2*r - 47. Give d(-28).
9
Let p(u) = -u**2 + 2*u - 1. Give p(4).
-9
Let s(v) = v**2 + 9*v + 3. Determine s(-11).
25
Let i(y) = y + 29. Determine i(-15).
14
Let k(t) = -t**3 - 5*t**2 + 7*t + 9. Calculate k(-4).
-35
Let c(b) = 2*b**2 + 17*b - 33. Give c(-10).
-3
Let c(b) = b - 5. Calculate c(0).
-5
Let d(f) = -3*f**3 - 2*f**2 + 2*f + 1. Determine d(-3).
58
Let i(d) = d**2 + 3*d + 2. Calculate i(-3).
2
Let z(a) = a**2 - 2*a - 22. Calculate z(-9).
77
Let d(v) = -68*v - 620. Give d(-9).
-8
Let r(g) = g**2 + 14*g - 46. Give r(-16).
-14
Let p(h) = -4*h + 5. What is p(11)?
-39
Let l(o) = o**3 - 19*o**2 + 4*o - 6. Give l(19).
70
Let c(v) = v**2 + 10*v - 79. What is c(5)?
-4
Let a(t) = -t**3 + 14*t**2 - 6*t - 5. Give a(13).
86
Let y(t) = -t**3 + 8*t**2 + 4*t - 8. What is y(8)?
24
Let z(v) = 2*v**3 + 17*v**2 - 9*v + 4. What is z(-9)?
4
Let y(z) = -2*z**2 